[INFO] fetching crate prometheus-client-derive-text-encode 0.3.0...
[INFO] checking prometheus-client-derive-text-encode-0.3.0 against master#e6e4f7ed1589e03bc2f6c5931c1a72e7947e8682 for beta-170-4
[INFO] extracting crate prometheus-client-derive-text-encode 0.3.0 into /workspace/builds/worker-1-tc2/source
[INFO] validating manifest of crates.io crate prometheus-client-derive-text-encode 0.3.0 on toolchain e6e4f7ed1589e03bc2f6c5931c1a72e7947e8682
[INFO] running `Command { std: CARGO_HOME="/workspace/cargo-home" RUSTUP_HOME="/workspace/rustup-home" "/workspace/cargo-home/bin/cargo" "+e6e4f7ed1589e03bc2f6c5931c1a72e7947e8682" "metadata" "--manifest-path" "Cargo.toml" "--no-deps", kill_on_drop: false }`
[INFO] started tweaking crates.io crate prometheus-client-derive-text-encode 0.3.0
[INFO] finished tweaking crates.io crate prometheus-client-derive-text-encode 0.3.0
[INFO] tweaked toml for crates.io crate prometheus-client-derive-text-encode 0.3.0 written to /workspace/builds/worker-1-tc2/source/Cargo.toml
[INFO] running `Command { std: CARGO_HOME="/workspace/cargo-home" RUSTUP_HOME="/workspace/rustup-home" __CARGO_TEST_CHANNEL_OVERRIDE_DO_NOT_USE_THIS="nightly" "/workspace/cargo-home/bin/cargo" "+e6e4f7ed1589e03bc2f6c5931c1a72e7947e8682" "generate-lockfile" "--manifest-path" "Cargo.toml" "-Zno-index-update", kill_on_drop: false }`
[INFO] running `Command { std: CARGO_HOME="/workspace/cargo-home" RUSTUP_HOME="/workspace/rustup-home" "/workspace/cargo-home/bin/cargo" "+e6e4f7ed1589e03bc2f6c5931c1a72e7947e8682" "fetch" "--manifest-path" "Cargo.toml", kill_on_drop: false }`
[INFO] running `Command { std: "docker" "create" "-v" "/var/lib/crater-agent-workspace/builds/worker-1-tc2/target:/opt/rustwide/target:rw,Z" "-v" "/var/lib/crater-agent-workspace/builds/worker-1-tc2/source:/opt/rustwide/workdir:ro,Z" "-v" "/var/lib/crater-agent-workspace/cargo-home:/opt/rustwide/cargo-home:ro,Z" "-v" "/var/lib/crater-agent-workspace/rustup-home:/opt/rustwide/rustup-home:ro,Z" "-e" "SOURCE_DIR=/opt/rustwide/workdir" "-e" "CARGO_TARGET_DIR=/opt/rustwide/target" "-e" "CARGO_HOME=/opt/rustwide/cargo-home" "-e" "RUSTUP_HOME=/opt/rustwide/rustup-home" "-w" "/opt/rustwide/workdir" "-m" "1610612736" "--user" "0:0" "--network" "none" "ghcr.io/rust-lang/crates-build-env/linux@sha256:19e73879b68f455e41552ea35293514db52ea292d993f571636dbffedb77a1ee" "/opt/rustwide/cargo-home/bin/cargo" "+e6e4f7ed1589e03bc2f6c5931c1a72e7947e8682" "metadata" "--no-deps" "--format-version=1", kill_on_drop: false }`
[INFO] [stdout] 38175acaa8cd4b7796378f6350e90fc1acb4437d333006a3f2222cd8a9766d1a
[INFO] running `Command { std: "docker" "start" "-a" "38175acaa8cd4b7796378f6350e90fc1acb4437d333006a3f2222cd8a9766d1a", kill_on_drop: false }`
[INFO] running `Command { std: "docker" "inspect" "38175acaa8cd4b7796378f6350e90fc1acb4437d333006a3f2222cd8a9766d1a", kill_on_drop: false }`
[INFO] running `Command { std: "docker" "rm" "-f" "38175acaa8cd4b7796378f6350e90fc1acb4437d333006a3f2222cd8a9766d1a", kill_on_drop: false }`
[INFO] [stdout] 38175acaa8cd4b7796378f6350e90fc1acb4437d333006a3f2222cd8a9766d1a
[INFO] running `Command { std: "docker" "create" "-v" "/var/lib/crater-agent-workspace/builds/worker-1-tc2/target:/opt/rustwide/target:rw,Z" "-v" "/var/lib/crater-agent-workspace/builds/worker-1-tc2/source:/opt/rustwide/workdir:ro,Z" "-v" "/var/lib/crater-agent-workspace/cargo-home:/opt/rustwide/cargo-home:ro,Z" "-v" "/var/lib/crater-agent-workspace/rustup-home:/opt/rustwide/rustup-home:ro,Z" "-e" "SOURCE_DIR=/opt/rustwide/workdir" "-e" "CARGO_TARGET_DIR=/opt/rustwide/target" "-e" "CARGO_INCREMENTAL=0" "-e" "RUST_BACKTRACE=full" "-e" "RUSTFLAGS=--cap-lints=forbid" "-e" "RUSTDOCFLAGS=--cap-lints=forbid" "-e" "CARGO_HOME=/opt/rustwide/cargo-home" "-e" "RUSTUP_HOME=/opt/rustwide/rustup-home" "-w" "/opt/rustwide/workdir" "-m" "1610612736" "--user" "0:0" "--network" "none" "ghcr.io/rust-lang/crates-build-env/linux@sha256:19e73879b68f455e41552ea35293514db52ea292d993f571636dbffedb77a1ee" "/opt/rustwide/cargo-home/bin/cargo" "+e6e4f7ed1589e03bc2f6c5931c1a72e7947e8682" "check" "--frozen" "--all" "--all-targets" "--message-format=json", kill_on_drop: false }`
[INFO] [stdout] eced572b910ae3d8438eed866ac6d4140b5826c8728c832803ef81355b4a3fb1
[INFO] running `Command { std: "docker" "start" "-a" "eced572b910ae3d8438eed866ac6d4140b5826c8728c832803ef81355b4a3fb1", kill_on_drop: false }`
[INFO] [stderr]    Compiling proc-macro2 v1.0.59
[INFO] [stderr]    Compiling quote v1.0.28
[INFO] [stderr]    Compiling syn v1.0.109
[INFO] [stderr]     Checking unicode-ident v1.0.9
[INFO] [stderr]     Checking prometheus-client-derive-text-encode v0.3.0 (/opt/rustwide/workdir)
[INFO] [stdout] error[E0433]: failed to resolve: use of undeclared crate or module `prometheus_client`
[INFO] [stdout]  --> tests/lib.rs:1:5
[INFO] [stdout]   |
[INFO] [stdout] 1 | use prometheus_client::encoding::text::{encode, Encode};
[INFO] [stdout]   |     ^^^^^^^^^^^^^^^^^ use of undeclared crate or module `prometheus_client`
[INFO] [stdout] 
[INFO] [stdout] 
[INFO] [stdout] error[E0433]: failed to resolve: use of undeclared crate or module `prometheus_client`
[INFO] [stdout]  --> tests/lib.rs:2:5
[INFO] [stdout]   |
[INFO] [stdout] 2 | use prometheus_client::metrics::counter::Counter;
[INFO] [stdout]   |     ^^^^^^^^^^^^^^^^^ use of undeclared crate or module `prometheus_client`
[INFO] [stdout] 
[INFO] [stdout] 
[INFO] [stdout] error[E0433]: failed to resolve: use of undeclared crate or module `prometheus_client`
[INFO] [stdout]  --> tests/lib.rs:3:5
[INFO] [stdout]   |
[INFO] [stdout] 3 | use prometheus_client::metrics::family::Family;
[INFO] [stdout]   |     ^^^^^^^^^^^^^^^^^ use of undeclared crate or module `prometheus_client`
[INFO] [stdout] 
[INFO] [stdout] 
[INFO] [stdout] error[E0433]: failed to resolve: use of undeclared crate or module `prometheus_client`
[INFO] [stdout]  --> tests/lib.rs:4:5
[INFO] [stdout]   |
[INFO] [stdout] 4 | use prometheus_client::registry::Registry;
[INFO] [stdout]   |     ^^^^^^^^^^^^^^^^^ use of undeclared crate or module `prometheus_client`
[INFO] [stdout] 
[INFO] [stdout] 
[INFO] [stdout] error: cannot determine resolution for the derive macro `Encode`
[INFO] [stdout]  --> tests/lib.rs:9:42
[INFO] [stdout]   |
[INFO] [stdout] 9 |     #[derive(Clone, Hash, PartialEq, Eq, Encode)]
[INFO] [stdout]   |                                          ^^^^^^
[INFO] [stdout]   |
[INFO] [stdout]   = note: import resolution is stuck, try simplifying macro imports
[INFO] [stdout] 
[INFO] [stdout] 
[INFO] [stdout] error: cannot determine resolution for the derive macro `Encode`
[INFO] [stdout]   --> tests/lib.rs:15:42
[INFO] [stdout]    |
[INFO] [stdout] 15 |     #[derive(Clone, Hash, PartialEq, Eq, Encode)]
[INFO] [stdout]    |                                          ^^^^^^
[INFO] [stdout]    |
[INFO] [stdout]    = note: import resolution is stuck, try simplifying macro imports
[INFO] [stdout] 
[INFO] [stdout] 
[INFO] [stdout] error: cannot determine resolution for the derive macro `Encode`
[INFO] [stdout]   --> tests/lib.rs:46:14
[INFO] [stdout]    |
[INFO] [stdout] 46 |     #[derive(Encode, Hash, Clone, Eq, PartialEq)]
[INFO] [stdout]    |              ^^^^^^
[INFO] [stdout]    |
[INFO] [stdout]    = note: import resolution is stuck, try simplifying macro imports
[INFO] [stdout] 
[INFO] [stdout] 
[INFO] [stdout] error[E0599]: no method named `encode` found for struct `remap_keyword_identifiers::Labels` in the current scope
[INFO] [stdout]   --> tests/lib.rs:61:12
[INFO] [stdout]    |
[INFO] [stdout] 47 |     struct Labels {
[INFO] [stdout]    |     ------------- method `encode` not found for this struct
[INFO] [stdout] ...
[INFO] [stdout] 61 |     labels.encode(&mut buffer).unwrap();
[INFO] [stdout]    |            ^^^^^^ method not found in `Labels`
[INFO] [stdout] 
[INFO] [stdout] 
[INFO] [stdout] error: aborting due to 8 previous errors
[INFO] [stdout] 
[INFO] [stdout] 
[INFO] [stdout] Some errors have detailed explanations: E0433, E0599.
[INFO] [stdout] 
[INFO] [stdout] For more information about an error, try `rustc --explain E0433`.
[INFO] [stdout] 
[INFO] [stderr] error: could not compile `prometheus-client-derive-text-encode` (test "lib") due to 9 previous errors
[INFO] running `Command { std: "docker" "inspect" "eced572b910ae3d8438eed866ac6d4140b5826c8728c832803ef81355b4a3fb1", kill_on_drop: false }`
[INFO] running `Command { std: "docker" "rm" "-f" "eced572b910ae3d8438eed866ac6d4140b5826c8728c832803ef81355b4a3fb1", kill_on_drop: false }`
[INFO] [stdout] eced572b910ae3d8438eed866ac6d4140b5826c8728c832803ef81355b4a3fb1
